 What is the ten thousands digit of u?
3
What is the units digit of ((12486/126 - -10) + (-4)/42)*401?
9
Let t be (5 + -58)*(3 + 0)/3. What is the units digit of t/53*1/(-1)*15?
5
Suppose h + 3*b - 940 = 0, h = 3*b + 330 + 622. What is the units digit of h?
6
Let t(o) = 2*o**3 - 3*o**2 + 2*o - 4. Suppose -b = 2*b - 4*b. Let h = b - -2. What is the units digit of t(h)?
4
Suppose 3*z + 3*w - 9 = 0, -3*w - 15 = -2*z - 3*z. What is the hundreds digit of 4*z/10*965*1?
1
Suppose 6*d - 1 = 7*d. Let g be d*((-10)/(-45) - (-983)/(-9)). Suppose -m + 5*w + 20 + 31 = 0, -4*w = -3*m + g. What is the units digit of m?
1
Suppose 0 = 6*o + 20 - 20. Suppose 5*n - 142 = -h, 2*n - 142 = -h - o*h. What is the units digit of h?
2
Let s = -2275 + 1073. Let q be (-1)/(s/(-401) + -3*1). Suppose -2595 = -14*a + q. What is the units digit of a?
4
Suppose 26*j = -25*j + 66147. What is the tens digit of j?
9
Let p be ((-4)/(-8))/(6/(-168)). What is the hundreds digit of 2/p + (-14021)/(-49)?
2
Let s = -17601 - -37220. Suppose -19*y - 391 = -s. What is the units digit of y?
2
Let z = 4 + 0. Suppose -13664*h + 13654*h - 20 = 0. What is the units digit of 97*z/(-12)*6/h?
7
Suppose 3*t - 5*w + 26 = 2*t, -4*w + 46 = -5*t. What is the hundreds digit of (634/t)/(-3*1/9)?
3
Let u(q) be the third derivative of -q**4/6 - 23*q**3/6 - 23*q**2. Let i be u(-6). What is the tens digit of 1176/70 - i/(-5)?
1
Suppose 0 = 30*y - 21*y - 18. Suppose 0 = 5*r - 4*r + o - 1, -y*o = 4*r - 12. Suppose r*i - 520 = -205. What is the tens digit of i?
6
Suppose -1 = w - 4*u + 6, -4*w - 2*u + 26 = 0. Suppose 142 + 583 = w*g. Let j = -61 + g. What is the units digit of j?
4
Let i(t) = 74*t**2 - 20*t. Suppose 3*v + 3 = -h + 16, -3*h - 3*v = -9. What is the hundreds digit of i(h)?
3
Suppose 5*l + 3*i = 15 - 56, 3*i - 15 = 3*l. What is the hundreds digit of (942/12)/((l/6)/(-7))?
4
Suppose -14 = -3*d + k, 5*k - 3*k - 8 = 0. Let q(w) = 12*w + 54. Let x be q(17). Suppose -5*h + 15 = 0, 5*h + x = d*z - 3*z. What is the units digit of z?
1
Let w(z) = z**2 + 2*z + 3. Let m be w(0). Suppose m*f - 3*u + 1044 = 6*f, -5 = 5*u. What is the hundreds digit of f?
3
Let b(i) = 3056*i - 1197. What is the thousands digit of b(14)?
1
Suppose -35 = -14*m + 7*m. Suppose 5*o + 15 = -m*z, 2 = o - 1. Let q = 9 + z. What is the units digit of q?
3
Suppose -20070 = -3*g - 3*w, -2*g + 5*w = 3670 - 17022. What is the hundreds digit of g?
6
Let i = -7851 - -13342. What is the units digit of i?
1
Let w be -104*(-52)/(-40) + (-3)/(-15). Let u = w - -297. What is the hundreds digit of u?
1
Let g = -160 - -1276. What is the thousands digit of g?
1
Let w = -540 + 2135. Let g = w - 965. What is the hundreds digit of g?
6
Let x = 70 - 68. Let j(h) = h**3 - 3*h**2 + 3*h - 2. Let o be j(x). Suppose -5*r - 48 = -3*b + 165, o = -4*r. What is the units digit of b?
1
Let s(t) = 697*t**3 - t**2 + 3*t - 5. What is the tens digit of s(2)?
7
Suppose 4*y + 912*x - 89544 = 908*x, -y + 22370 = 3*x. What is the units digit of y?
4
Suppose 13*v = 133083 + 242535 - 47537. What is the thousands digit of v?
5
Suppose 21 = 3*t + 201. What is the units digit of (-30)/t - (-5)/2?
3
Suppose 12*u - 4165 - 30245 = 43986. What is the tens digit of u?
3
Suppose -2*h + 114290 = -2*c, 367*h = 363*h - 5*c + 228499. What is the units digit of h?
6
What is the units digit of 78/91 + (-257640)/(-35)?
2
Suppose 0 = 11*j - 8*j - 33. Suppose -7*d = j*d - 54. Suppose 0 = d*y - 3*b - 45, -3*y = -2*y + 3*b + 1. What is the units digit of y?
1
Let i(t) = -t**2 + t + 50. Let v = 21 + -21. Suppose -2*p + 3*n + 6 = 3*p, v = 2*p - 4*n - 8. What is the tens digit of i(p)?
5
What is the tens digit of 9825 + -1 + 12 + -10?
2
Let v be 8/(-64) + (-41698)/(-16). Suppose 5*i - v = -141. Let r = i - 333. What is the hundreds digit of r?
1
Suppose 14*j - 10*j - 112556 = -4*c, 6*j - 2*c - 168770 = 0. What is the tens digit of j?
3
Suppose 0 = -b + 453*z - 449*z + 2072, -4104 = -2*b - 2*z. What is the tens digit of b?
5
What is the thousands digit of (1/(-1)*3571)/((-1)/12*2)?
1
Suppose 0 = -4*z - 3*k + 3, 29 - 5 = 4*z - 4*k. Suppose -2*t - z*t = 0. Suppose -2*b - 2*h + h + 158 = 0, 4*b - 2*h - 300 = t. What is the tens digit of b?
7
Let x = 10 - -67. Suppose -z + 2*f - 9 = -2*z, 5*z + 2*f - x = 0. What is the tens digit of z?
1
Suppose 0 = 24*z - 15790 - 157418. What is the thousands digit of z?
7
Let b be 1/(1/(-6)*14/105). What is the units digit of (0 + 28)/((-10)/b)?
6
What is the tens digit of (-1)/(119/51) + ((-168062)/(-14) - 0)?
0
What is the units digit of 3562/2 + -20 + 22?
3
Let r(t) = t**3 + 39*t**2 - 39*t + 45. Let x be r(-40). Let v(o) = -5*o + 42. Let u(l) = 2*l - 21. Let d(j) = -5*u(j) - 3*v(j). What is the units digit of d(x)?
4
Let h(v) = -6*v**3 - 3*v**2 + 2. Let b be h(-1). Let u(o) = -3*o - 9. Let j be u(b). Let d(x) = x**3 + 23*x**2 - 31*x + 17. What is the hundreds digit of d(j)?
1
What is the hundreds digit of -2*((-2468)/6*-3)/(-2)?
2
Let m(x) = -20*x - 6 + 29*x + 10*x + 32*x. Let q(k) = -26*k + 3. Let y(c) = -2*m(c) - 5*q(c). What is the hundreds digit of y(5)?
1
Suppose -141*t = -130*t + 8657. What is the units digit of (30/(-18))/5*t*3?
7
Let h(r) = 2*r**2 + 11*r + 12. Suppose -42*j + 37*j - 20 = 0. Let b be h(j). What is the tens digit of -86*(b + 1)*(-12 - -11)?
8
Suppose 17*z = 3*s + 9*z - 62830, 5*s - 5*z = 104675. What is the units digit of s?
0
Let q be 57/(-171)*(-1545)/(-1). Let y = 686 - q. What is the thousands digit of y?
1
Suppose 13 = 10*t + 93. What is the units digit of (4 - -542 - t) + 3?
7
Let n be 8/(-20) + -3*(-2)/(-10). Let g be n*4/18 - 329/(-63). Suppose 3*l + 336 = g*l. What is the hundreds digit of l?
1
Let s(l) = 21*l**3 - 56*l**2 + 16*l - 17. What is the tens digit of s(8)?
7
Suppose -3*h + 6*h + 14430 = 2*p, -p + 3*h = -7221. What is the thousands digit of p?
7
Suppose 71*t - 311402 = -t + 144214. What is the hundreds digit of t?
3
Let v = 7587 - -3485. What is the thousands digit of v?
1
Let v be (-12)/(-2) + -11 - 3*-2. Let l(i) = 729*i**2 - 17*i + 16. What is the units digit of l(v)?
8
Let g = 27660 - 17912. What is the thousands digit of g?
9
Let q(z) = -909*z - 377. What is the ten thousands digit of q(-22)?
1
Let g be -3*(-4)/18 - 301/(-3). Suppose 5*q + 4*u - 429 = 0, 2*u = q - u - g. Suppose -18 = -q*r + 86*r. What is the units digit of r?
6
Suppose 4*m + 9*m - 305420 = -7*m. What is the tens digit of m?
7
Let v(k) = -13*k**2 - 1008*k + 231. What is the units digit of v(-72)?
5
Let s = 7625 + -3045. What is the units digit of s?
0
Suppose 5*y - 142 = 43. Suppose 7*u = 310 - 296. Suppose u*p - 225 + y = 0. What is the tens digit of p?
9
Let x = 1921 + -1920. Let g(y) = y**2 + 5*y - 4. Let p be g(-6). What is the units digit of -3 + x + 139 - (p + 2)?
3
Let z(f) = -2*f**3 - 6*f**2 - 13*f - 3. Suppose 19*b + 21 = 16*b. What is the units digit of z(b)?
0
Let s be (1 - (-10)/6)*(5 - 8). Let a be s/14*(6/(-4) + -2). What is the tens digit of 10/(-3)*-2*15/a?
5
What is the tens digit of (33 - 7)*4209/6?
3
Suppose u + 7 = 2*i + i, -11 = 2*u - 5*i. Suppose 3*b - 3*x + 0*x = 3, u*b + 5*x + 33 = 0. What is the tens digit of ((-400)/(-75))/(b/(-30))?
4
Let x = 5 + 13. What is the units digit of (1/(-2))/(x/36) + 298?
7
Let r = 12748 + -7009. What is the hundreds digit of r?
7
Let j(i) = -2*i**3 - 9*i**2 + 3*i - 5. Let n be j(-5). Let p = 20 + n. What is the tens digit of 12/9*(p + -1)?
3
Suppose -13*d + 68136 = -11*d - 2*a, -5*d + 170332 = -a. What is the hundreds digit of d?
0
Let v = -39 + 51. Let y(c) = -20*c - 35. Let h be y(v). Let q = 399 + h. What is the tens digit of q?
2
Let b(m) = -292*m**3 + 2*m**2 + 5*m + 2. Let c be b(-2). Suppose -944 = -d - d + 4*v, 5*d - 4*v - c = 0. What is the tens digit of d?
6
Let r = -33930 - -51406. What is the ten thousands digit of r?
1
Suppose 125248 = 28*a - 45384. What is the hundreds digit of a?
0
Let w be 45702/(-33) + (-6)/66. Let u = 2335 + w. What is the hundreds digit of u?
9
What is the tens digit of (-2 - -1)*(-8135 + 6)?
2
Let u(t) = t**2 - 8*t + 9. Let z be u(4). Let f be 386/z - (-3)/21. Let v = f + 78. What is the tens digit of v?
2
Suppose 0 = -s - 3*y + 2906, -28*s + 5*y = -26*s - 5812. What is the hundreds digit of s?
9
What is the hundreds digit of 3/27*82232 - 2/(-18)?
1
Let